reatest common divisor of 39391 and 6413.
11
Calculate the highest common factor of 90041 and 23807.
133
Calculate the highest common factor of 1 and 29724802.
1
What is the greatest common divisor of 78188 and 10802?
22
Calculate the highest common divisor of 105 and 14015505.
105
What is the highest common divisor of 492 and 2707037628?
492
Calculate the greatest common factor of 82698 and 122738.
154
Calculate the highest common divisor of 708474 and 919434.
1758
What is the greatest common factor of 3757 and 1297621?
13
Calculate the highest common divisor of 294 and 2505517.
49
What is the highest common factor of 26 and 8836763?
13
Calculate the highest common divisor of 26 and 959506730.
26
Calculate the greatest common factor of 6314 and 110341.
77
What is the highest common factor of 78456504 and 280?
56
Calculate the greatest common divisor of 165 and 9894489.
33
Calculate the highest common factor of 300456 and 24408.
216
Calculate the highest common divisor of 20115 and 2745.
45
What is the greatest common divisor of 21935 and 369685?
535
Calculate the greatest common divisor of 53674938 and 72.
18
What is the highest common factor of 128179048 and 7378?
1054
Calculate the greatest common divisor of 2457 and 273662298.
819
Calculate the greatest common factor of 15087 and 6021828.
141
Calculate the highest common divisor of 374529 and 654711.
2859
Calculate the highest common divisor of 6190782 and 146176.
1142
What is the highest common divisor of 80 and 301076980?
20
What is the highest common divisor of 4120214 and 7154?
98
Calculate the greatest common factor of 12 and 15476442.
6
Calculate the highest common divisor of 13076170 and 518.
74
What is the greatest common divisor of 53081015 and 975?
65
What is the highest common factor of 1767 and 143241?
57
What is the greatest common divisor of 333 and 168033243?
111
Calculate the highest common factor of 1253731 and 372469.
173
Calculate the greatest common divisor of 146313468 and 196.
28
Calculate the greatest common divisor of 48788828 and 173228.
5588
What is the greatest common divisor of 206 and 41140466?
206
What is the highest common factor of 910434 and 540918?
2226
Calculate the highest common divisor of 298599 and 169743.
1239
What is the highest common factor of 107014 and 46?
2
Calculate the highest common divisor of 308047 and 10261.
31
What is the highest common divisor of 1950537456 and 432?
432
What is the highest common factor of 696 and 13995168?
696
Calculate the greatest common divisor of 23 and 205478136.
23
What is the highest common divisor of 775852 and 57937?
2519
Calculate the highest common divisor of 72522 and 162894.
102
Calculate the highest common factor of 2630657 and 1793.
163
What is the highest common divisor of 6750 and 29573700?
150
Calculate the highest common divisor of 859047 and 60781.
133
Calculate the highest common factor of 795 and 627944.
53
Calculate the greatest common factor of 46730 and 53015.
5
Calculate the greatest common divisor of 1606228 and 9724.
884
What is the highest common factor of 63675 and 27392985?
12735
What is the greatest common divisor of 70 and 4065565?
35
Calculate the highest common factor of 882 and 2200541.
49
What is the highest common factor of 6585524 and 158929?
1543
Calculate the greatest common divisor of 135232244 and 28.
28
What is the greatest common factor of 141 and 123442351?
47
What is the greatest common factor of 2230134 and 954?
318
Calculate the greatest common divisor of 52715 and 54080.
65
Calculate the highest common divisor of 220170 and 145527.
537
Calculate the highest common divisor of 2391443 and 3856.
241
What is the highest common divisor of 573696362 and 404?
202
What is the greatest common factor of 43703 and 23845261?
1507
Calculate the greatest common divisor of 796324 and 28.
4
What is the greatest common divisor of 127818735 and 1364?
341
What is the highest common factor of 402773963 and 106130?
10613
Calculate the greatest common factor of 33573 and 8971059.
1767
What is the highest common factor of 999714672 and 1584?
1584
Calculate the highest common divisor of 183 and 86649.
3
What is the greatest common factor of 317776558 and 494?
38
What is the greatest common factor of 6172619310 and 429?
429
Calculate the greatest common divisor of 39455 and 1705063.
607
What is the greatest common factor of 2676 and 1415?
1
Calculate the highest common factor of 180318 and 28.
2
Calculate the greatest common factor of 388234 and 3267.
11
Calculate the highest common divisor of 5671450 and 100.
50
Calculate the highest common divisor of 57520 and 23009438.
1438
What is the highest common factor of 23825677 and 667?
23
Calculate the greatest common divisor of 125792 and 27136.
32
What is the greatest common divisor of 7808265 and 2943?
27
What is the highest common divisor of 11171756 and 16?
4
Calculate the highest common factor of 309202 and 478378.
106
What is the highest common divisor of 72 and 1908416?
8
Calculate the greatest common factor of 337392 and 69296.
1136
Calculate the greatest common divisor of 535914 and 6354.
18
What is the highest common divisor of 3810555 and 7680?
15
Calculate the highest common divisor of 72 and 618714.
18
Calculate the highest common divisor of 55227 and 718197.
123
What is the greatest common divisor of 15280080 and 12?
12
Calculate the highest common factor of 6447 and 56684173.
2149
What is the greatest common factor of 698 and 1605684784?
698
Calculate the highest common factor of 15563 and 664943.
79
Calculate the greatest common factor of 50866409 and 3289.
253
What is the greatest common factor of 324 and 52284?
12
Calculate the greatest common factor of 65898377 and 3023.
3023
What is the highest common factor of 54907927 and 89?
89
Calculate the highest common factor of 1452 and 49330611.
363
Calculate the greatest common divisor of 5112 and 3838970.
142
What is the highest common divisor of 1 and 2367817?
1
Calculate the greatest common factor of 12298 and 17446.
286
Calculate the highest common factor of 21928025 and 5075.
175
Calculate the highest common divisor of 765 and 252405171.
153
What is the highest common divisor of 15776 and 19668728?
3944
Calculate the highest common factor of 2915 and 364435632.
583
What is the highest common factor of 1424 and 27247706?
178
Calculate the highest common divisor of 3 and 416217.
3
Calculate the greatest common factor of 102799458 and 36.
18
Calculate the greatest common factor of 112 and 85382248.
56
What is the highest common divisor of 497 and 4131704633?
497
Calculate the highest common factor of 1888411 and 595.
119
Calculate the highest common divisor of 8483966 and 16400.
82
What is the greatest common factor of 13157955 and 46920?
345
What is the highest common factor of 40 and 99690520?
40
What is the highest common divisor of 22995629 and 205?
41
Calculate the greatest common factor of 345913 and 1369.
37
What is the greatest common factor of 10700 and 177115?
5
What is the highest common divisor of 130391740 and 100?
20
What is the highest common factor of 13091607 and 32901?
2991
Calculate the greatest common factor of 992 and 864156.
124
What is the highest common divisor of 594624 and 17328?
912
What is the greatest common factor of 1795734 and 804?
402
What is the greatest common factor of 1495 and 35177701?
13
Calculate the greatest common divisor of 9293130 and 10710.
630
Calculate the greatest common factor of 8408 and 526418574.
2102
What is the greatest common factor of 948 and 735806?
158
What is the highest common divisor of 7338 and 444846?
6
What is the highest common divisor of 6118479 and 889?
127
Calculate the highest common divisor of 35 and 10532375.
35
Calculate the greatest common divisor of 3420620 and 124.
4
Calculate the greatest common factor of 3710819616 and 84.
84
What is the highest common factor of 15916 and 6100888?
92
Calculate the greatest common factor of 2000 and 5388625.
125
What is the greatest common factor of 65988 and 195507?
351
What is the greatest common divisor of 240 and 24095460?
60
Calculate the greatest common divisor of 201471224 and 128.
8
What is the highest common factor of 227901370 and 410?
410
What is the highest c